= -w*q - 2*y, 5*q - 2*y - 2*y = 29. What are the prime factors of q?
5
Let c be ((-40)/(-16))/(2/(-4)). Let z = c - -18. What are the prime factors of z?
13
Let c be 10/(((-4)/(-16))/1). Let k = c + -12. What are the prime factors of k?
2, 7
Let x be (-16)/((-9)/(-15) + -1). List the prime factors of (-5)/(x/6)*-24.
2, 3
Suppose -u = -2*u + 2, -5*n + 179 = -3*u. What are the prime factors of n?
37
Suppose 5*o - 232 = o. Suppose -4*u + 85 - 18 = 5*q, -u + o = 5*q. Let x = q - -1. What are the prime factors of x?
2, 3
Let d(l) = -l + 12. Let n be d(15). List the prime factors of 35/(-10)*(1 + n).
7
Suppose c - 4*c + 110 = -q, -c - 4*q = -41. What are the prime factors of c?
37
Let j(g) = -25*g - 14. What are the prime factors of j(-12)?
2, 11, 13
Suppose -3*j - 36 = 30. List the prime factors of (5 - j)/(2/2).
3
Suppose -4*o - 16 = 0, 4*w + 0*o = 5*o + 12. Let r be (-2)/w*5 + -2. Suppose 4*m + 7 = -r*c, -3*m = m + 5*c + 17. List the prime factors of m.
2
Let b(a) = -a**3 - 13*a**2 - 14*a - 9. List the prime factors of b(-12).
3, 5
Let g(v) be the first derivative of v**4/4 + 2*v**3 + 4*v - 2. Let m be g(-6). What are the prime factors of (-11)/m*(-9 + 1)?
2, 11
Let q be 16/2 - 4/2. Let h = q + -2. What are the prime factors of (h - 4) + 2*7?
2, 7
Let b = -5 + 8. Suppose b = 5*s - 12. Suppose -c + 6 = -3*k, -5*k + 18 = -0*c + s*c. What are the prime factors of c?
2, 3
Suppose -4*o + 102 = 2*v, -o - 6 = -2*v + 71. Let w = 68 - v. List the prime factors of w.
3
Suppose -4*i + 4 = -4, -c + 227 = 5*i. What are the prime factors of c?
7, 31
Let z = 17 - 4. What are the prime factors of z?
13
Let p(q) = q - q**2 + 0*q**3 - 25*q**3 + 2*q**2. Let h be p(-1). Suppose -r + h = 4*r. What are the prime factors of r?
5
Suppose -258 = 3*j - 765. List the prime factors of j.
13
Let b = -390 - -266. What are the prime factors of b/(-10) + (-8)/20?
2, 3
Let t(h) = 8*h**2 + h - 7. What are the prime factors of t(3)?
2, 17
Suppose 2*s + 6 = 2, -3*g = s - 10. Suppose m - g*m = 2*u + 22, -5*u = -4*m + 9. List the prime factors of (-1 - u)*(-1)/(-2).
2
Let l(n) = -22*n - 21. List the prime factors of l(-8).
5, 31
Let k(t) = t**2 - 20*t - 7. What are the prime factors of k(22)?
37
Let b(r) = r**3 + 6*r**2 - 2*r - 9. Let q be b(-6). Suppose 0 = 3*k - g - 32, q*k - 2*g = k + 20. What are the prime factors of k?
11
Suppose 5 = 2*c - c. Let a = c - -3. What are the prime factors of a?
2
Let j be (-2)/6 - (-316)/12. Suppose 5*y + 37 - 4 = 4*f, 3*f - 4*y = j. Suppose f*x = 4*d - 56, -16 = -2*d - 6*x + x. What are the prime factors of d?
13
Suppose 4*t = -t + 165. List the prime factors of t.
3, 11
Suppose 17*u - 1312 - 1221 = 0. List the prime factors of u.
149
What are the prime factors of (2 - 3) + (-1 - -2 - -51)?
3, 17
Let b be (12/10)/((-3)/(-10)). Suppose a - x - 44 = 0, -4*a = a + b*x - 193. What are the prime factors of a/5 - 5/25?
2
Let h(t) = -t**2 - 5*t - 6. Let i be 2 + 0 + (-6 - 1). Let s be h(i). What are the prime factors of 42/2*s/(-18)?
7
Suppose -3*n = 2*n. Let t = -6 + 5. List the prime factors of 10 + (n - 1)*t.
11
Suppose 0 = w + x + 3*x - 6, 2*w = -4*x. Let u = w - -12. Suppose -2*r + u = -16. What are the prime factors of r?
11
Let s(j) = j**3 - 9*j**2 + j + 8. Suppose -4 = -2*b + 14. Let q be s(b). Suppose q = 5*z - 8. What are the prime factors of z?
5
Let n(h) be the first derivative of 2*h**3/3 + h + 1. What are the prime factors of n(-3)?
19
Let a(m) be the second derivative of -m**5/20 - m**4/6 + 7*m**3/6 + m**2/2 - 5*m. List the prime factors of a(-5).
41
Let y be (-5 - -2) + (-4 - -2). What are the prime factors of y/2*(-136)/20?
17
Suppose 4*i + 5*a = -4, -8 = i + 4*a - a. Suppose -i*d - 22 = -5*k, k + 9 = 4*k - d. List the prime factors of k.
2
Let k(o) = -o**2 + 12*o + 15. What are the prime factors of k(7)?
2, 5
Suppose 4 = -4*h + 5*h. Suppose n = -h*n + 20. Suppose g - 24 = -4*k, 4*k = -n*g - 2 + 14. What are the prime factors of k?
7
Let v be (-78)/2 + 0 + 1. Let u = 11 - 38. Let j = u - v. List the prime factors of j.
11
Let r(u) = u**2 - 6*u - 5. List the prime factors of r(10).
5, 7
Let m(p) = -3*p**3 - 7. List the prime factors of m(-4).
5, 37
Let z = -30 - -39. What are the prime factors of z?
3
Let p(j) = j**2 + 5*j - 2. Let k = 0 - 6. What are the prime factors of p(k)?
2
Let r = -18 + 22. List the prime factors of r*(2 - 9/12).
5
Let s(v) = -3*v**2 + 5*v. Let x(d) = -2*d**2 + 3*d. Let f(b) = 3*s(b) - 5*x(b). List the prime factors of f(7).
7
Let x(z) = -z**3 - 8*z**2 - 6*z + 10. Suppose -5*i - 39 = -2*i. Let t = i + 6. List the prime factors of x(t).
3
What are the prime factors of 1/(((-15)/129)/(-5))?
43
Let c(y) be the first derivative of -y**4/12 + 5*y**3/3 - 3*y**2 + y - 2. Let s(p) be the first derivative of c(p). List the prime factors of s(8).
2, 5
What are the prime factors of (-1288)/(-49) + 2/(-7)?
2, 13
Let p = 183 + -41. List the prime factors of p.
2, 71
Suppose -2*w + 99 = 3*v - 5*w, -5*v = 2*w - 165. What are the prime factors of v?
3, 11
Suppose 9*d - 5*p = 6*d + 119, -118 = -3*d + 4*p. List the prime factors of d.
2, 19
Let o = 57 + -23. What are the prime factors of o?
2, 17
Let l = -1 - -3. Suppose -4*d + l*h + 40 = 0, -d + 2*h + 6 = -4. Suppose -3*f + 2*i = 0, -4*f - 3*i = -7 - d. List the prime factors of f.
2
Let j(m) = 9*m - 5. List the prime factors of j(7).
2, 29
Suppose 5*z - 246 = 519. List the prime factors of z.
3, 17
Let k(q) = q**3 + q**2 - 3*q - 4. Let n be k(4). Let v = -46 + n. List the prime factors of v.
2, 3
Let x = 48 - 9. What are the prime factors of x?
3, 13
Let f(x) = -4 + 3*x - x - 1 - x. What are the prime factors of f(7)?
2
Let c = 273 - 128. List the prime factors of c.
5, 29
What are the prime factors of (-720)/(-88) - 6/33?
2
Suppose 7*t = 3*t + 120. What are the prime factors of t?
2, 3, 5
Let i = 370 - 237. List the prime factors of i.
7, 19
Suppose 0*t = -t + 13. Let a = t + -8. Suppose 0 = -2*q + a*q + 4*i - 1, -q = -5*i - 13. What are the prime factors of q?
3
Let h = -95 + -370. Let j be 2/5 - h/25. Suppose 5*i - 6*i = 3, z - j = 5*i. List the prime factors of z.
2
Suppose -5*c + 5 = -5*m, c - 4*m - 5 = -2*c. Let r be (0 + c + 2)*21. Suppose -3 = -3*o + r. List the prime factors of o.
2
Suppose -3*r - 2*a = -75, r - 77 = -3*r + 5*a. List the prime factors of r.
23
Let n = 121 + -95. List the prime factors of n.
2, 13
Suppose x = 4*f - 7*f - 23, -3*f - 3*x = 33. Let h = 21 + f. What are the prime factors of h?
3, 5
Let k(g) = 2*g**2 + 3*g - 2. Let d = 4 + -2. List the prime factors of k(d).
2, 3
Let h = 6 - 11. Let j(g) = g**2 + g - 4. What are the prime factors of j(h)?
2
Let h = 27 + 0. Suppose 3*p = -2*b + 11, -b + 2*b = 2*p - 12. Suppose -2*i = p*u - 36, 0 = -2*u - 3*u + i + h. List the prime factors of u.
2, 3
Let x be 2/(-12) - 152/(-48). Suppose -109 = -4*c - 5*u, -5*c + x*u + 114 - 24 = 0. What are the prime factors of c?
3, 7
List the prime factors of 64/6 - 20/30.
2, 5
Suppose -390 = -6*w + 198. What are the prime factors of w?
2, 7
Let k = 0 - 3. Let j = k - -1. Let v = j - -4. List the prime factors of v.
2
Let t = 465 + -78. What are the prime factors of t?
3, 43
Suppose 0 = -2*x - 3*x + 20. Suppose 0 = -5*b - 5, 0*b = 4*m - x*b - 28. List the prime factors of m.
2, 3
Let b = 86 + -12. List the prime factors of b.
2, 37
Let n(w) = w**2 + 7*w + 5. List the prime factors of n(-9).
23
Suppose 3*a = -2*b + 16, 4*b - 10 = -26. Let q = -5 + a. Suppose 6*m - 31 = 2*m - 3*p, 19 = q*m - 2*p. What are the prime factors of m?
7
Let y(l) = 9*l. Let b = -5 + 7. List the prime factors of y(b).
2, 3
Suppose 4*c - 3*g - 75 = 40, 4*c - 75 = -5*g. What are the prime factors of c?
5
Suppose 0 = u - 8 - 1. Let r = -3 + u. List the prime factors of r.
2, 3
Let v(l) be the first derivative of -3*l - 1/3*l**3 - 4*l**2 + 1. What are the prime factors of v(-4)?
13
Suppose 0 = -l + 52 + 14. What are the prime factors of l?
2, 3, 11
Let w(s) = s + 8. Let p(k) = -12*k**3 - k**2 + 1. Let x be p(-1). What are the prime factors of w(x)?
2, 5
Let d be 0/3 + (-12)/1. Let g be 2*3/d*-10. Suppose c - g*w = 6, -2*w = -0*c + 3*c - 18. What are the prime factors of c?
2, 3
Suppose 3*j - 3*h = 6, 0*h = h + 2. Suppose j = -2*y + 3*y. List the prime factors of (y - -1)/(3/30).
2, 5
Suppose -3*t - 24 